{"id":1589,"date":"2015-09-17T19:48:40","date_gmt":"2015-09-17T16:48:40","guid":{"rendered":"http:\/\/www.kamu-bib.org.tr\/kamubib-17\/?page_id=1589"},"modified":"2015-09-28T11:12:57","modified_gmt":"2015-09-28T08:12:57","slug":"banner","status":"publish","type":"page","link":"http:\/\/www.kamu-bib.org.tr\/kamubib-17\/banner\/","title":{"rendered":"Banner"},"content":{"rendered":"<p align=\"left\"><b>TBD KAMU-B\u0130B &#8220;120&#215;240&#8221;<\/b><\/p>\n<p align=\"left\"> <img loading=\"lazy\" decoding=\"async\" src=\"http:\/\/www.kamu-bib.org.tr\/kamubib-17\/wp-content\/uploads\/banner\/gif\/tbd-kamubib-banner-120x240-dikey.gif\" alt=\"TBD Kamu-B\u0130B\" width=\"120\" height=\"240\" border=\"0\" \/><\/p>\n<p><textarea cols=\"60\" name=\"\" rows=\"5\"><a href=\"http:\/\/www.kamu-bib.org.tr\/kamubib-17\"><img loading=\"lazy\" decoding=\"async\" src=\"http:\/\/www.kamu-bib.org.tr\/kamubib-17\/wp-content\/uploads\/banner\/gif\/tbd-kamubib-banner-120x240-dikey.gif\" alt=\"TBD Kamu-B\u0130B\" width=\"120\" height=\"240\" border=\"0\"> <\/a> <\/textarea><\/p>\n<p align=\"left\"><b>TBD KAMU-B\u0130B &#8220;125&#215;125&#8221;<\/b><\/p>\n<p><img loading=\"lazy\" decoding=\"async\" src=\"http:\/\/www.kamu-bib.org.tr\/kamubib-17\/wp-content\/uploads\/banner\/gif\/tbd-kamubib-banner-125x125-kare.gif\" alt=\"TBD Kamu-B\u0130B\" width=\"125\" height=\"125\" border=\"0\"\/><\/p>\n<p><textarea cols=\"60\" name=\"\" rows=\"5\"><a href=\"http:\/\/www.kamu-bib.org.tr\/kamubib-17\"><img loading=\"lazy\" decoding=\"async\" src=\"http:\/\/www.kamu-bib.org.tr\/kamubib-17\/wp-content\/uploads\/banner\/gif\/tbd-kamubib-banner-125x125-kare.gif\" alt=\"TBD Kamu-B\u0130B\" width=\"125\" height=\"125\" border=\"0\"> <\/a><\/textarea><\/p>\n<p align=\"left\"><b>TBD KAMU-B\u0130B &#8220;234&#215;125&#8221;<\/b><\/p>\n<p><img loading=\"lazy\" decoding=\"async\" src=\"http:\/\/www.kamu-bib.org.tr\/kamubib-17\/wp-content\/uploads\/banner\/gif\/tbd-kamubib-banner-234x125-dikdrt.gif\" alt=\"TBD Kamu-B\u0130B\" width=\"234\" height=\"125\" border=\"0\" \/><\/p>\n<p><textarea cols=\"60\" name=\"\" rows=\"5\"><a href=\"http:\/\/www.kamu-bib.org.tr\/kamubib-17\"><img loading=\"lazy\" decoding=\"async\" src=\"http:\/\/www.kamu-bib.org.tr\/kamubib-17\/wp-content\/uploads\/banner\/gif\/tbd-kamubib-banner-234x125-dikdrt.gif\" alt=\"TBD Kamu-B\u0130B\" width=\"234\" height=\"125\" border=\"0\"> <\/a><\/textarea><\/p>\n<p align=\"left\"><b>TBD KAMU-B\u0130B &#8220;300&#215;250&#8221;<\/b><\/p>\n<p><img loading=\"lazy\" decoding=\"async\" src=\"http:\/\/www.kamu-bib.org.tr\/kamubib-17\/wp-content\/uploads\/banner\/gif\/tbd-kamubib-banner-300x250-kare.gif\" alt=\"TBD Kamu-B\u0130B\" width=\"300\" height=\"250\" border=\"0\" \/><\/p>\n<p><textarea cols=\"60\" name=\"\" rows=\"5\"><a href=\"http:\/\/www.kamu-bib.org.tr\/kamubib-17\"><img loading=\"lazy\" decoding=\"async\" src=\"http:\/\/www.kamu-bib.org.tr\/kamubib-17\/wp-content\/uploads\/banner\/gif\/tbd-kamubib-banner-300x250-kare.gif\" alt=\"TBD Kamu-B\u0130B\" width=\"300\" height=\"250\" border=\"0\"> <\/a><\/textarea><\/p>\n<p align=\"left\"><b>TBD KAMU-B\u0130B &#8220;468&#215;60&#8221;<\/b><\/p>\n<p><img loading=\"lazy\" decoding=\"async\" src=\"http:\/\/www.kamu-bib.org.tr\/kamubib-17\/wp-content\/uploads\/banner\/gif\/tbd-kamubib-banner-468x60-yatay.gif\" alt=\"TBD Kamu-B\u0130B\" width=\"468\" height=\"60\" border=\"0\" \/><\/p>\n<p><textarea cols=\"60\" name=\"\" rows=\"5\"><a href=\"http:\/\/www.kamu-bib.org.tr\/kamubib-17\"><img loading=\"lazy\" decoding=\"async\" src=\"http:\/\/www.kamu-bib.org.tr\/kamubib-17\/wp-content\/uploads\/banner\/gif\/tbd-kamubib-banner-468x60-yatay.gif\" alt=\"TBD Kamu-B\u0130B\" width=\"468\" height=\"60\" border=\"0\"> <\/a><\/textarea><\/p>\n<p align=\"left\"><b>TBD KAMU-B\u0130B &#8220;728&#215;90&#8221;<\/b><\/p>\n<p><img loading=\"lazy\" decoding=\"async\" src=\"http:\/\/www.kamu-bib.org.tr\/kamubib-17\/wp-content\/uploads\/banner\/gif\/tbd-kamubib-banner-728x90-yatay.gif\" alt=\"TBD Kamu-B\u0130B\" width=\"728\" height=\"90\" border=\"0\" \/><\/p>\n<p><textarea cols=\"60\" name=\"\" rows=\"5\"><a href=\"http:\/\/www.kamu-bib.org.tr\/kamubib-17\"><img loading=\"lazy\" decoding=\"async\" src=\"http:\/\/www.kamu-bib.org.tr\/kamubib-17\/wp-content\/uploads\/banner\/gif\/tbd-kamubib-banner-728x90-yatay.gif\" alt=\"TBD Kamu-B\u0130B\" width=\"728\" height=\"90\" border=\"0\"> <\/a><\/textarea><\/p>\n","protected":false},"excerpt":{"rendered":"<p>TBD KAMU-B\u0130B &#8220;120&#215;240&#8221; TBD KAMU-B\u0130B &#8220;125&#215;125&#8221; TBD KAMU-B\u0130B &#8220;234&#215;125&#8221; TBD KAMU-B\u0130B &#8220;300&#215;250&#8221; TBD KAMU-B\u0130B &#8220;468&#215;60&#8221; TBD KAMU-B\u0130B &#8220;728&#215;90&#8221;<\/p>\n","protected":false},"author":2,"featured_media":0,"parent":0,"menu_order":0,"comment_status":"closed","ping_status":"closed","template":"fullwidth.php","meta":{"footnotes":""},"_links":{"self":[{"href":"http:\/\/www.kamu-bib.org.tr\/kamubib-17\/wp-json\/wp\/v2\/pages\/1589"}],"collection":[{"href":"http:\/\/www.kamu-bib.org.tr\/kamubib-17\/wp-json\/wp\/v2\/pages"}],"about":[{"href":"http:\/\/www.kamu-bib.org.tr\/kamubib-17\/wp-json\/wp\/v2\/types\/page"}],"author":[{"embeddable":true,"href":"http:\/\/www.kamu-bib.org.tr\/kamubib-17\/wp-json\/wp\/v2\/users\/2"}],"replies":[{"embeddable":true,"href":"http:\/\/www.kamu-bib.org.tr\/kamubib-17\/wp-json\/wp\/v2\/comments?post=1589"}],"version-history":[{"count":9,"href":"http:\/\/www.kamu-bib.org.tr\/kamubib-17\/wp-json\/wp\/v2\/pages\/1589\/revisions"}],"predecessor-version":[{"id":1602,"href":"http:\/\/www.kamu-bib.org.tr\/kamubib-17\/wp-json\/wp\/v2\/pages\/1589\/revisions\/1602"}],"wp:attachment":[{"href":"http:\/\/www.kamu-bib.org.tr\/kamubib-17\/wp-json\/wp\/v2\/media?parent=1589"}],"curies":[{"name":"wp","href":"https:\/\/api.w.org\/{rel}","templated":true}]}}