{"id":1888,"date":"2015-11-16T14:11:25","date_gmt":"2015-11-16T12:11:25","guid":{"rendered":"http:\/\/www.kamu-bib.org.tr\/kamubib-17\/?page_id=1888"},"modified":"2015-11-18T16:48:01","modified_gmt":"2015-11-18T14:48:01","slug":"yazili-medya","status":"publish","type":"page","link":"http:\/\/www.kamu-bib.org.tr\/kamubib-17\/yazili-medya\/","title":{"rendered":""},"content":{"rendered":"<p><a href=\"http:\/\/www.biltekhaber.net\/kamu-bilisim-yoneticileri-kibrista-bir-araya-gelecek.html\">Biltek Haber<\/a><\/p>\n<p><a href=\"http:\/\/www.bthaber.com\/e-toplum\/kamu-bib-kopru-gorevi-ustleniyor\/1\/15888\">BT Haber<\/a><\/p>\n<p><a href=\"http:\/\/kibrishabersitesi.com\/gundem\/kamudaki-bilisim-yoneticileri-kibrista-bir-araya-geliyor\/2425\/\">K\u0131br\u0131s Haber Sitesi<\/a><\/p>\n<p><a href=\"http:\/\/www.kibrispostasi.com\/index.php\/cat\/35\/news\/173886\/PageName\/KIBRIS_HABERLERI\">K\u0131br\u0131s Postas\u0131<\/a><\/p>\n<p><a href=\"http:\/\/webcache.googleusercontent.com\/search?q=cache:nPJVHp7oKa4J:www.ekonomikibris.com\/iste-kibris-gundemi\/10632\/+&amp;cd=49&amp;hl=tr&amp;ct=clnk&amp;gl=tr\">Ekonomi K\u0131br\u0131s<\/a><\/p>\n<p><a href=\"http:\/\/www.diyaloggazetesi.com\/kibris\/o-bunu-hak-etmiyor-h33035.html\">Diyalog Gazetesi<\/a><\/p>\n<p><a href=\"http:\/\/www.sonhaberkibris.com\/17-kamu-bilisim-platformu\/.html\">Son Haber K\u0131br\u0131s<\/a><\/p>\n<p><a href=\"http:\/\/www.nehaberkibris.com\/haber\/bilisim-sektoru-adamiza-geliyor-bizler-kayitsiz-kaliyoruz\/447\/\">Ne Haber K\u0131br\u0131s<\/a><\/p>\n<p><a href=\"http:\/\/www.gundemkibris.com\/kamu-bilisim-platformu-toplantisi-basladi-147246h.htm\">G\u00fcndem K\u0131br\u0131s<\/a><\/p>\n<p><a href=\"http:\/\/www.diyaloggazetesi.com\/kibris\/buyukelci-kanbay-tam-destek-verdi-h33077.html\">Diyalog Gazetesi<\/a><\/p>\n<p><a href=\"http:\/\/www.starkibris.net\/index.asp?haberID=214491\">Star K\u0131br\u0131s<\/a><\/p>\n<p><a href=\"http:\/\/neu.edu.tr\/turkiyenin-2023-bilgi-toplumu-hedefi-nitelik-ve-yenilik-ikileminin-otesinde-bilgelik-konseptinde-gizli\/?lang=tr\">Yak\u0131n Do\u011fu \u00dcniversitesi<\/a><\/p>\n<p><a href=\"http:\/\/www.gundemkibris.com\/ertugruloglu-turkiye-bilisim-dernegi-heyetini-kabul-etti-147050h.htm\">G\u00fcndem K\u0131br\u0131s<\/a><\/p>\n<p><a href=\"http:\/\/www.sonhaberkibris.com\/kamu-bilisim-merkezleri-yoneticileri-birligi-kamu-bilisim-platformu-toplantisi\/.html\">Son Haber K\u0131br\u0131s<\/a><\/p>\n<p><a href=\"http:\/\/www.haberalkibrisli.net\/kibris\/bilisim-konusuluyor-h30263.html\">Haber Al K\u0131br\u0131sl\u0131<\/a><\/p>\n<p><a href=\"http:\/\/www.ajanscyprus.com\/egitim-kamu-hizmetlerinde-yenilikci-yaklasimlar-91697.html\">Ajans Cyprus<\/a><\/p>\n<p><a href=\"http:\/\/www.sabah.com.tr\/yazarlar\/oguz\/2015\/10\/19\/siber-kuvvetler\">Sabah<\/a><\/p>\n","protected":false},"excerpt":{"rendered":"<p>Biltek Haber BT Haber K\u0131br\u0131s Haber Sitesi K\u0131br\u0131s Postas\u0131 Ekonomi K\u0131br\u0131s Diyalog Gazetesi Son Haber K\u0131br\u0131s Ne Haber K\u0131br\u0131s G\u00fcndem K\u0131br\u0131s Diyalog Gazetesi Star K\u0131br\u0131s Yak\u0131n Do\u011fu \u00dcniversitesi G\u00fcndem K\u0131br\u0131s Son Haber K\u0131br\u0131s Haber Al K\u0131br\u0131sl\u0131 Ajans Cyprus Sabah<\/p>\n","protected":false},"author":3,"featured_media":0,"parent":0,"menu_order":0,"comment_status":"closed","ping_status":"closed","template":"fullwidth.php","meta":{"footnotes":""},"_links":{"self":[{"href":"http:\/\/www.kamu-bib.org.tr\/kamubib-17\/wp-json\/wp\/v2\/pages\/1888"}],"collection":[{"href":"http:\/\/www.kamu-bib.org.tr\/kamubib-17\/wp-json\/wp\/v2\/pages"}],"about":[{"href":"http:\/\/www.kamu-bib.org.tr\/kamubib-17\/wp-json\/wp\/v2\/types\/page"}],"author":[{"embeddable":true,"href":"http:\/\/www.kamu-bib.org.tr\/kamubib-17\/wp-json\/wp\/v2\/users\/3"}],"replies":[{"embeddable":true,"href":"http:\/\/www.kamu-bib.org.tr\/kamubib-17\/wp-json\/wp\/v2\/comments?post=1888"}],"version-history":[{"count":3,"href":"http:\/\/www.kamu-bib.org.tr\/kamubib-17\/wp-json\/wp\/v2\/pages\/1888\/revisions"}],"predecessor-version":[{"id":1904,"href":"http:\/\/www.kamu-bib.org.tr\/kamubib-17\/wp-json\/wp\/v2\/pages\/1888\/revisions\/1904"}],"wp:attachment":[{"href":"http:\/\/www.kamu-bib.org.tr\/kamubib-17\/wp-json\/wp\/v2\/media?parent=1888"}],"curies":[{"name":"wp","href":"https:\/\/api.w.org\/{rel}","templated":true}]}}