{"id":814,"date":"2015-07-27T13:04:51","date_gmt":"2015-07-27T10:04:51","guid":{"rendered":"http:\/\/www.kamu-bib.org.tr\/kamubib-17\/?page_id=814"},"modified":"2016-05-02T14:34:30","modified_gmt":"2016-05-02T11:34:30","slug":"calismagruplari","status":"publish","type":"page","link":"http:\/\/www.kamu-bib.org.tr\/kamubib-17\/calismagruplari\/","title":{"rendered":"\u00c7ALI\u015eMA GRUPLARI"},"content":{"rendered":"<div class=\"wpb-content-wrapper\"><p>[vc_row][vc_column width=&#8221;1\/1&#8243;][vc_column_text]<strong>Siber G\u00fcvenlik ve Kritik Altyap\u0131lar \u00c7al\u0131\u015fma Grubu<\/strong><\/p>\n<p>Bilginin giderek en de\u011ferli varl\u0131k haline geldi\u011fi \u00e7a\u011f\u0131m\u0131zda, t\u00fcm d\u00fcnyada bilgi g\u00fcvenli\u011fi konusunda yap\u0131lan \u00e7al\u0131\u015fmalar her ge\u00e7en g\u00fcn artmaktad\u0131r. Bu \u00e7al\u0131\u015fmalar son y\u0131llarda artan siber ataklar ve sald\u0131r\u0131lara odaklanm\u0131\u015ft\u0131r. Bu yeni ataklarla kurumlar\u0131n yan\u0131 s\u0131ra \u00fclkeler de hedef al\u0131nmaktad\u0131r. G\u00fcn\u00fcm\u00fczde \u201cSiber Sava\u015f\u201d olarak adland\u0131r\u0131lan bu yeni tehdide kar\u015f\u0131 \u00dclke olarak \u201cSiber G\u00fcvenlik ve Savunma\u201d stratejileri geli\u015ftirmemiz ve \u00dclkemizin \u201cKritik Altyap\u0131lar\u0131\u201d olan \u201cBilgi ve \u0130leti\u015fim, Enerji, Finans, Sa\u011fl\u0131k, G\u0131da, Su, Ula\u015f\u0131m, Savunma, Kamu G\u00fcvenli\u011fi, N\u00fckleer, Biyolojik ve Kimyasal Tesisler\u201dimizi korumak i\u00e7in gereken tedbirleri \u00f6ncelikli olarak almam\u0131z gerekmektedir. Ad\u0131 ge\u00e7en kritik altyap\u0131lar \u201cOtomasyon Yaz\u0131l\u0131mlar\u0131\u201d ile uzaktan kontrol edildi\u011finden bu yaz\u0131l\u0131mlar\u0131n g\u00fcvenli\u011fi, kritik altyap\u0131lar\u0131m\u0131z\u0131 Siber Sald\u0131r\u0131lardan korumak a\u00e7\u0131s\u0131ndan \u00f6nemlidir.<\/p>\n<p>TBD Kamu-B\u0130B \u00e7al\u0131\u015fmalar\u0131 kapsam\u0131nda kurulan Siber G\u00fcvenlik ve Kritik Altyap\u0131lar \u00c7al\u0131\u015fma Grubunun amac\u0131; d\u00fcnyada ve T\u00fcrkiye`de Siber g\u00fcvenlik alan\u0131nda yap\u0131lan \u00e7al\u0131\u015fmalar\u0131 inceleyerek, \u00f6zellikle \u00dclkemizde farkl\u0131 kurumlar\u0131n bu alanda birbiriyle \u00f6rt\u00fc\u015fen \u00e7al\u0131\u015fmalar\u0131n\u0131n analizini de yapmak suretiyle nitelikli insan kayna\u011f\u0131 yeti\u015ftirme program\u0131, ekosistemde sekt\u00f6r\u00fcn beklentileri, uluslararas\u0131 i\u015fbirli\u011fi ve kritik altyap\u0131lar\u0131n g\u00fcvenli\u011fi konular\u0131ndaki mevcut sorunlarla ilgili muhtemel \u00e7\u00f6z\u00fcm \u00f6nerilerini olu\u015fturmak, \u00dclkemizde siber g\u00fcvenlik alan\u0131ndaki fark\u0131ndal\u0131\u011f\u0131 art\u0131rmak, ulusal siber g\u00fcvenlik seviyesinin g\u00fc\u00e7lenmesine katk\u0131da bulunmakt\u0131r.<\/p>\n<p>\u00c7al\u0131\u015fma Grubu Ba\u015fkan\u0131\u00a0 : Ali YAZICI &#8211; ASELSAN<br \/>\nKamu-B\u0130B YK Temsilcisi : M. Umay AKKAYA &#8211; TSE<\/p>\n<p>[\/vc_column_text][vc_row_inner][vc_column_inner el_class=&#8221;&#8221; width=&#8221;1\/6&#8243; css=&#8221;.vc_custom_1446018330685{margin-right: 0px !important;margin-left: 0px !important;}&#8221;][vc_button title=&#8221;\u00c7al\u0131\u015fma Grubu Raporu&#8221; target=&#8221;_self&#8221; color=&#8221;btn-primary&#8221; icon=&#8221;none&#8221; size=&#8221;wpb_regularsize&#8221; href=&#8221;http:\/\/www.kamu-bib.org.tr\/kamubib-17\/wp-content\/uploads\/2015\/10\/Kamu-BIB-CG1-Siber-Guvenlik-ve-Kritik-Altyapilar.pdf&#8221;][\/vc_column_inner][vc_column_inner el_class=&#8221;&#8221; width=&#8221;1\/6&#8243;][vc_button title=&#8221;\u00c7al\u0131\u015fma Grubu Sunumu&#8221; target=&#8221;_self&#8221; color=&#8221;btn-info&#8221; icon=&#8221;none&#8221; size=&#8221;wpb_regularsize&#8221; href=&#8221;http:\/\/www.kamu-bib.org.tr\/kamubib-17\/wp-content\/uploads\/2015\/10\/CG1SunumSG.ppt&#8221;][\/vc_column_inner][vc_column_inner el_class=&#8221;&#8221; width=&#8221;1\/6&#8243;]<br \/>\n[\/vc_column_inner][vc_column_inner el_class=&#8221;&#8221; width=&#8221;1\/6&#8243;]<br \/>\n[\/vc_column_inner][vc_column_inner el_class=&#8221;&#8221; width=&#8221;1\/6&#8243;]<br \/>\n[\/vc_column_inner][vc_column_inner el_class=&#8221;&#8221; width=&#8221;1\/6&#8243;]<br \/>\n[\/vc_column_inner][\/vc_row_inner][\/vc_column][\/vc_row][vc_row full_width=&#8221;&#8221; section_id=&#8221;&#8221; container=&#8221;1&#8243; parallax_bg=&#8221;0&#8243; stellar_background_ratio=&#8221;0.6&#8243;][vc_column width=&#8221;1\/1&#8243;][vc_column_text]<\/p>\n<p><strong>e-Ticaret G\u00fcvenlik Sertifikasyonu ve D\u00fczenlemeler<\/strong><\/p>\n<p>Elektronik ticaret (e-ticaret) son y\u0131llarda h\u0131zl\u0131 bir b\u00fcy\u00fcme trendine girmi\u015ftir. Bankalararas\u0131 Kart Merkezi\u2019nin verilerine g\u00f6re T\u00fcrkiye\u2019de internetten yap\u0131lan kartl\u0131 \u00f6deme i\u015flemlerinin tutar\u0131 2013 y\u0131l\u0131nda 34,6 milyar TL olarak ger\u00e7ekle\u015fmi\u015ftir. Di\u011fer taraftan, elektronik ortamda yap\u0131lan al\u0131\u015fveri\u015flere ili\u015fkin olarak hem yetersiz hukuki koruma hem de bilgi g\u00fcvenli\u011fi ve veri mahremiyeti \u00e7ekincelerinden kaynakl\u0131 g\u00fcvensizlik e-ticaretin geli\u015fmesi \u00f6n\u00fcnde \u00f6nemli bir engeldir.<\/p>\n<p>Bu \u00e7er\u00e7evede, e-Ticaret \u00c7al\u0131\u015fma Grubu s\u00f6z konusu g\u00fcvensizli\u011fi azaltmak suretiyle e-ticareti geli\u015ftirmeye y\u00f6nelik iki temel konuya odaklanacakt\u0131r. Bunlardan ilki e-ticaret siteleri i\u00e7in g\u00fcven damgas\u0131 sistemi olu\u015fturulmas\u0131d\u0131r. \u00c7al\u0131\u015fma grubu, e-ticaret sitelerinin g\u00fcvenli\u011finin ve g\u00fcvenilirli\u011finin objektif kriterlere g\u00f6re de\u011ferlendirilip sertifikaland\u0131r\u0131laca\u011f\u0131 bir mekanizman\u0131n nas\u0131l olu\u015fturulmas\u0131 gerekti\u011fine ili\u015fkin \u00f6neriler getirecektir. \u00c7al\u0131\u015fma grubunun odaklanaca\u011f\u0131 di\u011fer konu ise, yak\u0131n zamanda y\u00fcr\u00fcrl\u00fc\u011fe girmi\u015f olan e-Ticaret Kanunu\u2019nu tamamlamak \u00fczere haz\u0131rl\u0131k \u00e7al\u0131\u015fmalar\u0131 devam eden ikincil d\u00fczenlemelerdir. Bu kapsamda, s\u00f6z konusu ikincil d\u00fczenlemelerin odaklanmas\u0131 gereken temel sorunlara ve ihtiya\u00e7lara y\u00f6nelik \u00f6neriler geli\u015ftirilecektir.<\/p>\n<p>\u00c7al\u0131\u015fma Grubu Ba\u015fkan\u0131\u00a0 : Ay\u015feg\u00fcl \u0130BR\u0130\u015e\u0130M &#8211; TSE BT Belgelendirme M\u00fcd\u00fcr\u00fc<br \/>\nKamu-B\u0130B YK Temsilcisi : Furkan C\u0130VELEK &#8211; Kalk\u0131nma Bakanl\u0131\u011f\u0131<\/p>\n<p>[\/vc_column_text][vc_row_inner el_id=&#8221;&#8221;][vc_column_inner el_class=&#8221;&#8221; width=&#8221;1\/6&#8243; css=&#8221;.vc_custom_1446018330685{margin-right: 0px !important;margin-left: 0px !important;}&#8221;][vc_button title=&#8221;\u00c7al\u0131\u015fma Grubu Raporu&#8221; target=&#8221;_self&#8221; color=&#8221;btn-primary&#8221; icon=&#8221;none&#8221; size=&#8221;wpb_regularsize&#8221; href=&#8221;http:\/\/www.kamu-bib.org.tr\/kamubib-17\/wp-content\/uploads\/2015\/10\/Kamu-BIB-CG2-e-ticaret-Raporu.pdf&#8221;][\/vc_column_inner][vc_column_inner el_class=&#8221;&#8221; width=&#8221;1\/6&#8243;][vc_button title=&#8221;\u00c7al\u0131\u015fma Grubu Sunumu&#8221; target=&#8221;_self&#8221; color=&#8221;btn-info&#8221; icon=&#8221;none&#8221; size=&#8221;wpb_regularsize&#8221; href=&#8221;http:\/\/www.kamu-bib.org.tr\/kamubib-17\/wp-content\/uploads\/2015\/10\/CG2-Sunum.ppt&#8221;][\/vc_column_inner][vc_column_inner el_class=&#8221;&#8221; width=&#8221;1\/6&#8243;]<br \/>\n[\/vc_column_inner][vc_column_inner el_class=&#8221;&#8221; width=&#8221;1\/6&#8243;]<br \/>\n[\/vc_column_inner][vc_column_inner el_class=&#8221;&#8221; width=&#8221;1\/6&#8243;]<br \/>\n[\/vc_column_inner][vc_column_inner el_class=&#8221;&#8221; width=&#8221;1\/6&#8243;]<br \/>\n[\/vc_column_inner][\/vc_row_inner][\/vc_column][\/vc_row][vc_row full_width=&#8221;&#8221; section_id=&#8221;&#8221; container=&#8221;1&#8243; parallax_bg=&#8221;0&#8243; stellar_background_ratio=&#8221;0.6&#8243;][vc_column width=&#8221;1\/1&#8243;][vc_column_text]<strong>e-Devlet Hizmetlerinden Beklentilerimiz<\/strong><\/p>\n<p>Yap\u0131lan \u00e7al\u0131\u015fmalar sonucunda e-Devlet uygulama ve hizmetleriyle etkinlik ve verimlilik art\u0131\u015f\u0131 sa\u011flanm\u0131\u015f, kat\u0131l\u0131mc\u0131 bir kamu y\u00f6netimi olu\u015fturulmas\u0131 s\u00fcrecinde ilerleme kaydedilmi\u015ftir. Hem bireylerde hem i\u015fletmelerde e-devlet hizmetlerinin kullan\u0131m\u0131 art\u0131\u015f g\u00f6stermi\u015ftir. e-Devlet hizmetlerinin kullan\u0131c\u0131 memnuniyetini sa\u011flayacak \u015fekilde birlikte i\u015fler ve b\u00fct\u00fcnle\u015fik bir yap\u0131da, kullan\u0131c\u0131 odakl\u0131 bir bak\u0131\u015f a\u00e7\u0131s\u0131yla devlet e-hizmetlerinin sunum \u00e7al\u0131\u015fmalar\u0131 devam etmektedir.<\/p>\n<p>Kamu B\u0130B \u201ce-Devlet Hizmetlerinden Beklentilerimiz\u201d \u00e7al\u0131\u015fma grubunun amac\u0131 kamu kurum ve kurulu\u015flar\u0131 uygulama ve hizmetlerinde ve e-devlet kap\u0131s\u0131ndaki yap\u0131lan hatalar\u0131 bulmak veya bu hizmetleri incelemek de\u011fildir.\u00a0 \u00c7ocuk, Gen\u00e7\/\u00d6\u011frenci, Emekli\/Ya\u015fl\u0131, Ev kad\u0131n\u0131, Engelli (Duyma, G\u00f6rme, Fiziksel), Esnaf\/T\u00fcccar, Akademisyen, B\u00fcrokrat ve i\u015f adam\u0131 g\u00f6z\u00fcyle bakarak bu ki\u015filerin hayallerindeki uygulama ve e-hizmetleri ortaya \u00e7\u0131kartmakt\u0131r.<\/p>\n<p>\u00c7al\u0131\u015fma Grubu Ba\u015fkan\u0131\u00a0 : Dr. Nihat YURT \u2013 TODA\u0130E<br \/>\nKamu-B\u0130B\u00a0YK Temsilcisi : M. Semih I\u015eIKSAL &#8211; T\u00dc\u0130K<\/p>\n<p>[\/vc_column_text][vc_row_inner el_id=&#8221;&#8221;][vc_column_inner el_class=&#8221;&#8221; width=&#8221;1\/6&#8243; css=&#8221;.vc_custom_1446018330685{margin-right: 0px !important;margin-left: 0px !important;}&#8221;][vc_button title=&#8221;\u00c7al\u0131\u015fma Grubu Raporu&#8221; target=&#8221;_self&#8221; color=&#8221;btn-primary&#8221; icon=&#8221;none&#8221; size=&#8221;wpb_regularsize&#8221; href=&#8221;http:\/\/www.kamu-bib.org.tr\/kamubib-17\/wp-content\/uploads\/2015\/10\/Kamu-BIB-CG3-Rapor-e-devlet.pdf&#8221;][\/vc_column_inner][vc_column_inner el_class=&#8221;&#8221; width=&#8221;1\/6&#8243;][vc_button title=&#8221;\u00c7al\u0131\u015fma Grubu Sunumu&#8221; target=&#8221;_self&#8221; color=&#8221;btn-info&#8221; icon=&#8221;none&#8221; size=&#8221;wpb_regularsize&#8221; href=&#8221;http:\/\/www.kamu-bib.org.tr\/kamubib-17\/wp-content\/uploads\/2015\/10\/CG3_Sunum_ED.ppt&#8221;][\/vc_column_inner][vc_column_inner el_class=&#8221;&#8221; width=&#8221;1\/6&#8243;]<br \/>\n[\/vc_column_inner][vc_column_inner el_class=&#8221;&#8221; width=&#8221;1\/6&#8243;]<br \/>\n[\/vc_column_inner][vc_column_inner el_class=&#8221;&#8221; width=&#8221;1\/6&#8243;]<br \/>\n[\/vc_column_inner][vc_column_inner el_class=&#8221;&#8221; width=&#8221;1\/6&#8243;]<br \/>\n[\/vc_column_inner][\/vc_row_inner][\/vc_column][\/vc_row][vc_row full_width=&#8221;&#8221; section_id=&#8221;&#8221; container=&#8221;1&#8243; parallax_bg=&#8221;0&#8243; stellar_background_ratio=&#8221;0.6&#8243;][vc_column width=&#8221;1\/1&#8243;][vc_column_text]<strong>T\u00fcrkiye\u2019nin Bilgi Toplumu \u00dcst Yap\u0131s\u0131<\/strong><\/p>\n<p>T\u00fcrkiye\u2019de Bili\u015fim konusuna sadece teknolojinin etkin kullan\u0131labilmesi olarak bak\u0131lmamas\u0131 gerekir. Bili\u015fim denince e-hizmetlerin yan\u0131 s\u0131ra bili\u015fim su\u00e7lar\u0131, ki\u015fisel veriler ve g\u00fcvenli\u011fi, g\u00fcvenli bilgi payla\u015f\u0131m\u0131, bili\u015fim personeli \u00f6zl\u00fck haklar\u0131, siber sald\u0131r\u0131lar ve elektronik sava\u015f durumunda gerekli tedbirlerin al\u0131nmas\u0131,\u00a0 g\u00fcvenli internet kullan\u0131m\u0131, engelliler ve bili\u015fim,\u00a0 bili\u015fim firmalar\u0131n\u0131n desteklenmesi ve sorunlar\u0131na \u00e7\u00f6z\u00fcmler, bili\u015fimin ekonomiye getirdi\u011fi katma de\u011fer vb bir\u00e7ok konuyu \u00a0kapsamaktad\u0131r. G\u00fcn\u00fcm\u00fczde kurumlar birbirinden habersiz ayn\u0131 konuda \u00e7al\u0131\u015fma yapmaktad\u0131r, bu konular\u0131n bir b\u00fct\u00fcnl\u00fck i\u00e7inde incelenmesini sa\u011flayacak bir \u00fcstyap\u0131n\u0131n kurulmas\u0131 zorunlu hale gelmi\u015ftir.<\/p>\n<p>\u00c7al\u0131\u015fma grubu AB \u00fclkeleri (Almanya, Fransa, Finlandiya, \u0130talya), G\u00fcney Kore yap\u0131lar\u0131 incelenecek ve en etkili ve ba\u015far\u0131l\u0131 yap\u0131y\u0131 de\u011ferlendirerek T\u00fcrkiye \u015fartlar\u0131 \u00e7er\u00e7evesinde T\u00fcrkiye modelini ortaya koyacakt\u0131r.<\/p>\n<p>\u00c7al\u0131\u015fma Grubu Ba\u015fkan\u0131\u00a0 : Hasan Turgay TURSUN &#8211; AB Bakanl\u0131\u011f\u0131<br \/>\nKamu-B\u0130B YK Temsilcisi : Mustafa YILMAZ &#8211; AB Bakanl\u0131\u011f\u0131[\/vc_column_text][vc_row_inner el_id=&#8221;&#8221;][vc_column_inner el_class=&#8221;&#8221; width=&#8221;1\/6&#8243; css=&#8221;.vc_custom_1446018330685{margin-right: 0px !important;margin-left: 0px !important;}&#8221;][vc_button title=&#8221;\u00c7al\u0131\u015fma Grubu Raporu&#8221; target=&#8221;_self&#8221; color=&#8221;btn-primary&#8221; icon=&#8221;none&#8221; size=&#8221;wpb_regularsize&#8221; href=&#8221;http:\/\/www.kamu-bib.org.tr\/kamubib-17\/wp-content\/uploads\/2015\/10\/Kamu-BIB-CG4-Bilgi-Toplumu-Ust-Yapisi.pdf&#8221;][\/vc_column_inner][vc_column_inner el_class=&#8221;&#8221; width=&#8221;1\/6&#8243;][vc_button title=&#8221;\u00c7al\u0131\u015fma Grubu Sunumu&#8221; target=&#8221;_self&#8221; color=&#8221;btn-info&#8221; icon=&#8221;none&#8221; size=&#8221;wpb_regularsize&#8221; href=&#8221;http:\/\/www.kamu-bib.org.tr\/kamubib-17\/wp-content\/uploads\/2015\/10\/CG4SunumBT.ppt&#8221;][\/vc_column_inner][vc_column_inner el_class=&#8221;&#8221; width=&#8221;1\/6&#8243;]<br \/>\n[\/vc_column_inner][vc_column_inner el_class=&#8221;&#8221; width=&#8221;1\/6&#8243;]<br \/>\n[\/vc_column_inner][vc_column_inner el_class=&#8221;&#8221; width=&#8221;1\/6&#8243;]<br \/>\n[\/vc_column_inner][vc_column_inner el_class=&#8221;&#8221; width=&#8221;1\/6&#8243;]<br \/>\n[\/vc_column_inner][\/vc_row_inner][\/vc_column][\/vc_row]<\/p>\n<\/div>","protected":false},"excerpt":{"rendered":"<p>[vc_row][vc_column width=&#8221;1\/1&#8243;][vc_column_text]Siber G\u00fcvenlik ve Kritik Altyap\u0131lar \u00c7al\u0131\u015fma Grubu Bilginin giderek en de\u011ferli varl\u0131k haline geldi\u011fi \u00e7a\u011f\u0131m\u0131zda, t\u00fcm d\u00fcnyada bilgi g\u00fcvenli\u011fi konusunda yap\u0131lan \u00e7al\u0131\u015fmalar her ge\u00e7en g\u00fcn artmaktad\u0131r. Bu \u00e7al\u0131\u015fmalar son y\u0131llarda artan siber ataklar ve sald\u0131r\u0131lara odaklanm\u0131\u015ft\u0131r. Bu yeni ataklarla kurumlar\u0131n yan\u0131<\/p>\n","protected":false},"author":3,"featured_media":0,"parent":0,"menu_order":0,"comment_status":"closed","ping_status":"closed","template":"fullwidth.php","meta":{"footnotes":""},"_links":{"self":[{"href":"http:\/\/www.kamu-bib.org.tr\/kamubib-17\/wp-json\/wp\/v2\/pages\/814"}],"collection":[{"href":"http:\/\/www.kamu-bib.org.tr\/kamubib-17\/wp-json\/wp\/v2\/pages"}],"about":[{"href":"http:\/\/www.kamu-bib.org.tr\/kamubib-17\/wp-json\/wp\/v2\/types\/page"}],"author":[{"embeddable":true,"href":"http:\/\/www.kamu-bib.org.tr\/kamubib-17\/wp-json\/wp\/v2\/users\/3"}],"replies":[{"embeddable":true,"href":"http:\/\/www.kamu-bib.org.tr\/kamubib-17\/wp-json\/wp\/v2\/comments?post=814"}],"version-history":[{"count":23,"href":"http:\/\/www.kamu-bib.org.tr\/kamubib-17\/wp-json\/wp\/v2\/pages\/814\/revisions"}],"predecessor-version":[{"id":1930,"href":"http:\/\/www.kamu-bib.org.tr\/kamubib-17\/wp-json\/wp\/v2\/pages\/814\/revisions\/1930"}],"wp:attachment":[{"href":"http:\/\/www.kamu-bib.org.tr\/kamubib-17\/wp-json\/wp\/v2\/media?parent=814"}],"curies":[{"name":"wp","href":"https:\/\/api.w.org\/{rel}","templated":true}]}}