{"id":55,"date":"2017-09-25T11:52:42","date_gmt":"2017-09-25T08:52:42","guid":{"rendered":"http:\/\/www.kamu-bib.org.tr\/kamubib-19\/?page_id=55"},"modified":"2017-10-22T00:52:51","modified_gmt":"2017-10-21T21:52:51","slug":"kurullar","status":"publish","type":"page","link":"http:\/\/www.kamu-bib.org.tr\/kamubib-19\/kurullar","title":{"rendered":"KURULLAR"},"content":{"rendered":"<div class=\"wpb-content-wrapper\"><p>[vc_row full_width=&#8221;stretch_row&#8221; css=&#8221;.vc_custom_1506329552261{background-image: url(http:\/\/www.kamu-bib.org.tr\/kamubib-19\/wp-content\/uploads\/2017\/09\/slider-background-kamu-bib-19.jpg?id=7) !important;background-position: center !important;background-repeat: no-repeat !important;background-size: cover !important;}&#8221;][vc_column][rev_slider_vc alias=&#8221;anasayfa&#8221;][\/vc_column][\/vc_row][vc_row][vc_column][vc_column_text]<strong>TBD<\/strong> <strong>KAMU<\/strong><strong>&#8211;<\/strong><strong>B\u0130B<\/strong><strong>&#8217;19 <\/strong><strong>ETK\u0130NL\u0130K<\/strong> <strong>Y\u00dcR\u00dcTME<\/strong> <strong>KURULU<\/strong><br \/>\n<strong>Ba\u015fkan<\/strong><strong>\u00a0:\u00a0<\/strong>Ertan BARUT<br \/>\n<strong>\u00dcyeler<\/strong><strong>\u00a0:\u00a0<\/strong><\/p>\n<p>Nurcan \u00d6zyaz\u0131c\u0131 SUNAY<\/p>\n<p>L\u00fctfi \u00d6ZB\u0130LEN<\/p>\n<p>G\u00f6zen ATE\u015e<\/p>\n<p>Serdar \u00dcLGEN<\/p>\n<p>Nihan TUNA<\/p>\n<p>Vural R\u0131za \u0130BR\u0130\u015e\u0130M<\/p>\n<p>Mavi\u015f \u0130\u00c7\u00d6Z<\/p>\n<p>\u0130. \u0130lker TABAK<\/p>\n<p>G\u00f6khan EMRE<\/p>\n<p>Nihat T\u00dcFEK\u00c7\u0130<\/p>\n<p>Sedat ZENC\u0130RC\u0130<\/p>\n<p><strong>TBD<\/strong> <strong>KAMU<\/strong><strong>&#8211;<\/strong><strong>B\u0130B<\/strong><strong>&#8217;19 <\/strong><strong>ETK\u0130NL\u0130K<\/strong> <strong>PROGRAM<\/strong> <strong>KURULU<\/strong><br \/>\n<strong>Program<\/strong> <strong>Kurulu<\/strong> <strong>Ba\u015fkan\u0131<\/strong><strong> :<\/strong>\u00a0Dr. Altan \u00d6ZK\u0130L<br \/>\n<strong>Program<\/strong> <strong>Kurulu<\/strong> <strong>\u00dcyeleri<\/strong><strong> :\u00a0<\/strong><\/p>\n<p>Demet KABASAKAL<br \/>\nDo\u00e7. Dr. Nergiz Ercil \u00c7A\u011eILTAY<br \/>\nDr. Ay\u015fe Yasemin SEYD\u0130M<br \/>\nAlpay AK\u00c7AY<br \/>\nAyd\u0131n KOLAT<br \/>\nMehmet YILMAZER<br \/>\nDr. Nihat YURT<br \/>\nSel\u00e7uk KAVASO\u011eLU<br \/>\nProf. Dr. Volkan ATALAY<\/p>\n<p><strong>TBD<\/strong> <strong>GENEL<\/strong> <strong>MERKEZ<\/strong><strong> 32. <\/strong><strong>D\u00d6NEM<\/strong> <strong>Y\u00d6NET\u0130M<\/strong> <strong>KURULU<\/strong><\/p>\n<p>Rahmi AKTEPE\u00a0&#8211; TBD GENEL BA\u015eKANI<\/p>\n<p>Ertan BARUT &#8211;\u00a0\u00a0GlobalNet &#8211; Genel M\u00fcd\u00fcr<br \/>\nNuray BA\u015eAR &#8211;\u00a0Ba\u015far Bili\u015fim Eko Sanayi Dergisi &#8211; Genel M\u00fcd\u00fcr<br \/>\nCeyda S\u00dcER\u00a0&#8211;\u00a0Vodafone T\u00fcrkiye &#8211; Kamu Sat\u0131\u015f K\u0131demli M\u00fcd\u00fcr\u00fc<br \/>\nProf. Dr. Adem \u015eAH\u0130N &#8211;\u00a0TOBB Ekonomi ve Teknoloji \u00dcniv. &#8211; Rekt\u00f6r<br \/>\nHakan TARHAN &#8211;\u00a0Datamind &#8211; Kurucu Ortak<br \/>\nAhmet TOSUNO\u011eLU &#8211;\u00a0Atasay Kuyumculuk &#8211; Bilgi Sistemleri Direkt\u00f6r\u00fc<br \/>\nNihan TUNA &#8211; EMT Elektronik Personel ve \u0130dari \u0130\u015fler M\u00fcd\u00fcr\u00fc<br \/>\nMehmet Ali YAZICI &#8211;\u00a0Aselsan &#8211; Uydu G\u00f6rev Y\u00fckleri Program M\u00fcd\u00fcr\u00fc<br \/>\nEkrem YENER &#8211;\u00a0SMT Bilgi ve Teknoloji A.\u015e &#8211; Y\u00f6netim Kurulu Ba\u015fkan\u0131<br \/>\nAn\u0131l YILMAZ &#8211;\u00a0Verimlilik Genel M\u00fcd\u00fcrl\u00fc\u011f\u00fc &#8211; Genel M\u00fcd\u00fcr<br \/>\n\u0130lyas YILMAZYILDIZ &#8211;\u00a0Hacettepe Teknokent &#8211; Genel M\u00fcd\u00fcr<\/p>\n<p><strong>TBD<\/strong> <strong>ANKARA<\/strong> <strong>\u015eUBE<\/strong><strong> 6. <\/strong><strong>D\u00d6NEM<\/strong> <strong>Y\u00d6NET\u0130M<\/strong> <strong>KURULU<\/strong><\/p>\n<p>Nurcan \u00d6zyaz\u0131c\u0131 SUNAY\u00a0&#8211;\u00a0BA\u015eKAN \u2013 G\u00fcmr\u00fck ve Ticaret Bak. Bakanl\u0131k M\u00fc\u015faviri<br \/>\nProf. Dr. Volkan ATALAY &#8211;\u00a02. BA\u015eKAN- ODT\u00dc Bilgisayar M\u00fchendisli\u011fi \u00d6\u011fretim \u00dcyesi<br \/>\n\u0130lknur TALAY &#8211;\u00a0Yazman- Horizon Bili\u015fim Genel M\u00fcd.Yard.<br \/>\nG\u00f6zen ATE\u015e &#8211;\u00a0Sayman- 6A Bili\u015fim Genel M\u00fcd.Yard.<br \/>\nDo\u00e7. Dr. Nergiz Ercil \u00c7A\u011eILTAY &#8211;\u00a0\u00dcye- At\u0131l\u0131m Universitesi Yaz\u0131l\u0131m M\u00fchendisli\u011fi \u00d6\u011fretim \u00dcyesi<br \/>\nNihat T\u00dcFEK\u00c7\u0130\u00a0&#8211;\u00a0\u00dcye- ODT\u00dc TeknoPark Genel Md. Yard.<br \/>\nDr. Ay\u015fe Yasemin SEYD\u0130M &#8211;\u00a0\u00dcye- Merkez Bankas\u0131 Bili\u015fim G\u00fcvenli\u011fi ve Kalite Y.M.Y.Y.[\/vc_column_text][\/vc_column][\/vc_row]<\/p>\n<\/div>","protected":false},"excerpt":{"rendered":"<p>[vc_row full_width=&#8221;stretch_row&#8221; css=&#8221;.vc_custom_1506329552261{background-image: url(http:\/\/www.kamu-bib.org.tr\/kamubib-19\/wp-content\/uploads\/2017\/09\/slider-background-kamu-bib-19.jpg?id=7) !important;background-position: center !important;background-repeat: no-repeat !important;background-size: cover !important;}&#8221;][vc_column][rev_slider_vc alias=&#8221;anasayfa&#8221;][\/vc_column][\/vc_row][vc_row][vc_column][vc_column_text]TBD KAMU&#8211;B\u0130B&#8217;19 ETK\u0130NL\u0130K Y\u00dcR\u00dcTME KURULU Ba\u015fkan\u00a0:\u00a0Ertan BARUT \u00dcyeler\u00a0:\u00a0 Nurcan \u00d6zyaz\u0131c\u0131 SUNAY L\u00fctfi \u00d6ZB\u0130LEN G\u00f6zen ATE\u015e Serdar \u00dcLGEN Nihan TUNA Vural R\u0131za \u0130BR\u0130\u015e\u0130M Mavi\u015f \u0130\u00c7\u00d6Z \u0130. \u0130lker TABAK G\u00f6khan EMRE Nihat T\u00dcFEK\u00c7\u0130 Sedat ZENC\u0130RC\u0130 TBD KAMU&#8211;B\u0130B&#8217;19 ETK\u0130NL\u0130K PROGRAM KURULU Program Kurulu Ba\u015fkan\u0131 :\u00a0Dr. Altan \u00d6ZK\u0130L&nbsp;<\/p>\n<p><a class=\"btn btn-style\" href=\"http:\/\/www.kamu-bib.org.tr\/kamubib-19\/kurullar\">Continue Reading<\/a><\/p>\n","protected":false},"author":3,"featured_media":0,"parent":0,"menu_order":0,"comment_status":"closed","ping_status":"closed","template":"homepage.php","meta":{"footnotes":""},"class_list":["post-55","page","type-page","status-publish","hentry"],"_links":{"self":[{"href":"http:\/\/www.kamu-bib.org.tr\/kamubib-19\/wp-json\/wp\/v2\/pages\/55","targetHints":{"allow":["GET"]}}],"collection":[{"href":"http:\/\/www.kamu-bib.org.tr\/kamubib-19\/wp-json\/wp\/v2\/pages"}],"about":[{"href":"http:\/\/www.kamu-bib.org.tr\/kamubib-19\/wp-json\/wp\/v2\/types\/page"}],"author":[{"embeddable":true,"href":"http:\/\/www.kamu-bib.org.tr\/kamubib-19\/wp-json\/wp\/v2\/users\/3"}],"replies":[{"embeddable":true,"href":"http:\/\/www.kamu-bib.org.tr\/kamubib-19\/wp-json\/wp\/v2\/comments?post=55"}],"version-history":[{"count":5,"href":"http:\/\/www.kamu-bib.org.tr\/kamubib-19\/wp-json\/wp\/v2\/pages\/55\/revisions"}],"predecessor-version":[{"id":359,"href":"http:\/\/www.kamu-bib.org.tr\/kamubib-19\/wp-json\/wp\/v2\/pages\/55\/revisions\/359"}],"wp:attachment":[{"href":"http:\/\/www.kamu-bib.org.tr\/kamubib-19\/wp-json\/wp\/v2\/media?parent=55"}],"curies":[{"name":"wp","href":"https:\/\/api.w.org\/{rel}","templated":true}]}}