{"id":64,"date":"2017-09-27T13:22:41","date_gmt":"2017-09-27T10:22:41","guid":{"rendered":"http:\/\/www.kamu-bib.org.tr\/kamubib-19\/?page_id=64"},"modified":"2017-10-26T22:30:05","modified_gmt":"2017-10-26T19:30:05","slug":"program","status":"publish","type":"page","link":"http:\/\/www.kamu-bib.org.tr\/kamubib-19\/program","title":{"rendered":"PROGRAM"},"content":{"rendered":"<div class=\"wpb-content-wrapper\"><p>[vc_row full_width=&#8221;stretch_row&#8221; css=&#8221;.vc_custom_1506692046638{background-image: url(http:\/\/www.kamu-bib.org.tr\/kamubib-19\/wp-content\/uploads\/2017\/09\/slider-background-kamu-bib-19.jpg?id=7) !important;background-position: center !important;background-repeat: no-repeat !important;background-size: cover !important;}&#8221;][vc_column][rev_slider_vc alias=&#8221;anasayfa&#8221;][\/vc_column][\/vc_row][vc_row][vc_column][vc_column_text]PROGRAM (G\u00fcncelleme : <span style=\"color: #ff0000;\">23<\/span>.10.2017)<\/p>\n<p><span style=\"color: #ff0000;\"><strong>26 Ekim 2017, Per\u015fembe<\/strong><\/span><\/p>\n<p>12:00 OTELE G\u0130R\u0130\u015e<\/p>\n<p><strong>&#8212;&#8212;&#8212;&#8212;&#8212;&#8212;&#8212;&#8212;&#8212;&#8212;&#8212;&#8212;&#8212;&#8212;&#8212;&#8212;&#8212;&#8212;&#8212;&#8212;&#8212;&#8212;&#8212;&#8212;&#8212;&#8212;\u00a0\u00a0<\/strong><\/p>\n<p><span style=\"color: #ff0000;\"><strong>27 Ekim 2017, CUMA<\/strong><\/span><\/p>\n<p><span style=\"color: #800080;\"><strong>09:30 &#8211; 11:45 A\u00c7ILI\u015e T\u00d6REN\u0130<\/strong><\/span><\/p>\n<p><span style=\"color: #3366ff;\"><strong>PROTOKOL KONU\u015eMALARI<\/strong><\/span><\/p>\n<p><strong>Nurcan SUNAY TBD &#8211; Ankara \u015eube Ba\u015fkan\u0131<\/strong><\/p>\n<p><strong>Rahmi AKTEPE &#8211; TBD Genel Ba\u015fkan\u0131<\/strong><\/p>\n<p><strong>Mehmet KOCADON &#8211; Bodrum Belediye Ba\u015fkan\u0131\u00a0<\/strong>(*)<\/p>\n<p><strong>Galip ZEREY &#8211; Ula\u015ft\u0131rma, Denizcilik ve Haberle\u015fme Bk. M\u00fcste\u015far Yrd.<\/strong><\/p>\n<p><strong>Dr. Faruk \u00d6ZL\u00dc &#8211; T.C. B\u0130L\u0130M, SANAY\u0130 ve TEKNOLOJ\u0130 BAKANI<\/strong> (*)<\/p>\n<p><span style=\"color: #3366ff;\"><strong>A\u00c7ILI\u015e OTURUMU : D\u0130J\u0130TAL DEVLET<\/strong><\/span><\/p>\n<p><strong>Oturum Y\u00f6neticisi :\u00a0<\/strong><strong>Mustafa Hilmi \u00c7OLAKO\u011eLU &#8211; MEB M\u00fcste\u015far Yrd.<\/strong><\/p>\n<p><strong><u>Konu\u015fmac\u0131lar<\/u>\u00a0:<\/strong><\/p>\n<p><strong>Ayhan BAMYACI &#8211; PLAT\u0130N Bili\u015fim Genel M\u00fcd\u00fcr\u00fc<\/strong><\/p>\n<p><strong>Levent ERKAN &#8211; MICROSOFT Kamu Sekt\u00f6r\u00fc Gn. Md. Yrd.<\/strong><\/p>\n<p>11:45 &#8211; 12:00 Kahve Aras\u0131<\/p>\n<p><span style=\"color: #3366ff;\"><strong>12:00 &#8211; 12:30 DAVETL\u0130 KONU\u015eMACI <\/strong><\/span><\/p>\n<p><strong>Dr. Yal\u00e7\u0131n ERG\u0130R &#8211; D\u00dc\u015e HEK\u0130M\u0130 :\u00a0<\/strong>\u201cDijital Devlet ve Duygusal Birey\u201d<\/p>\n<p>12:30 &#8211; 14:00 \u00d6\u011fle Yemek Aras\u0131<\/p>\n<p><span style=\"color: #3366ff;\"><strong>14:00 &#8211; 14:45 KAMU B\u0130L\u0130\u015e\u0130M\u00a0 ve YAZILIM SEKT\u00d6R PLANLARI, PROJELER\u0130<\/strong><\/span><\/p>\n<p>\u201cSanayinin Geli\u015ftirmesi ve \u00dcretimin Desteklenmesi Amac\u0131yla Baz\u0131 Kanun ve Kanun H\u00fckm\u00fcnde Kararnamelerde De\u011fi\u015fiklik Yap\u0131lmas\u0131na Dair 7033 Say\u0131l\u0131 Kanun\u201d 01 Temmuz 2017 tarih ve 30111 say\u0131l\u0131 Resmi Gazetede yay\u0131mlanarak y\u00fcr\u00fcrl\u00fc\u011fe girmi\u015ftir.\u00a0\u00dcretim Reformu paketi kapsamda bili\u015fim teknolojisi ve yaz\u0131l\u0131m \u00fcreten i\u015fletmeler de sanayici say\u0131lm\u0131\u015ft\u0131r.\u00a0 B\u00f6ylece, Bili\u015fim teknolojisi ve yaz\u0131l\u0131m \u00fcreten firmalar\u0131m\u0131z da sanayicilerin elde ettikleri t\u00fcm haklardan faydalan\u0131r hale gelmi\u015flerdir.\u00a0Bu \u00e7er\u00e7evede, \u00fclkemiz bili\u015fim teknolojileri ve yerli yaz\u0131l\u0131m sekt\u00f6r\u00fcn\u00fcn geli\u015fimi ve ihracat\u0131n\u0131n artt\u0131r\u0131lmas\u0131na y\u00f6nelik olarak Bilim Sanayi ve Teknoloji Bakanl\u0131\u011f\u0131 koordinasyonunda, ilgili kurum ve kurulu\u015flar yan\u0131nda sivil toplum kurulu\u015flar\u0131n\u0131n da katk\u0131lar\u0131yla y\u00fcr\u00fct\u00fclen \u00e7al\u0131\u015fmalar hakk\u0131nda bilgilendirmelerde bulunulacakt\u0131r. Ayr\u0131ca, bili\u015fim teknolojisi \u00fcreticileri ve yaz\u0131l\u0131m \u00fcreten firmalar\u0131m\u0131za \u201cSANAY\u0130 S\u0130C\u0130L BELGES\u0130\u201d al\u0131nmas\u0131, bu belgeye sahip olman\u0131n firmalara getirece\u011fi faydalar konular\u0131nda bilgilendirme ve a\u00e7\u0131klamalar yap\u0131lacakt\u0131r.<\/p>\n<p><strong>Oturum Y\u00f6neticisi\u00a0\u00a0 : \u0130. \u0130lker TABAK \u2013 TBD<\/strong><\/p>\n<p><strong><u>Konu\u015fmac\u0131lar<\/u><\/strong><strong>\u00a0:<\/strong><\/p>\n<p><strong>O\u011fuz KURT &#8211;\u00a0BSTB Sanayi Sicil \u015eube M\u00fcd\u00fcrl\u00fc\u011f\u00fc :\u00a0<\/strong>\u201cBakanl\u0131k Bili\u015fim ve Yaz\u0131l\u0131m Sekt\u00f6r Faaliyetleri ve Projeleri\u201d<\/p>\n<p><strong>\u00c7a\u011fr\u0131 G\u00dcRG\u00dcR &#8211;\u00a0TOBB Ba\u015fkan Dan\u0131\u015fman\u0131 :\u00a0<\/strong>\u201cBili\u015fim ve Yaz\u0131l\u0131m firmalar\u0131n\u0131n Sanayici tan\u0131m\u0131 kapsam\u0131na al\u0131nmas\u0131 ve Sanayi Sicili\u201d<\/p>\n<p>14:45 &#8211; 15:00 Kahve Aras\u0131<\/p>\n<p><span style=\"color: #3366ff;\"><strong>15:00 &#8211; 16:45\u00a0\u00a0 DEVLETTE D\u0130J\u0130TAL D\u00d6N\u00dc\u015e\u00dcM ve KAMUNET<\/strong><\/span><\/p>\n<p>Kamu bili\u015fim sekt\u00f6r\u00fc gelece\u011fini tart\u0131\u015f\u0131yor.\u00a0Sanayide dijital d\u00f6n\u00fc\u015f\u00fcm\u00fcn Kamu kurumlar\u0131 taraf\u0131ndan nas\u0131l alg\u0131lanmas\u0131 gerekti\u011fi, dijital devlet hizmetlerinin nas\u0131l vatanda\u015f odakl\u0131 hale getirilece\u011fi, nitelikli bili\u015fim insan g\u00fcc\u00fc ihtiyac\u0131nda, kamu bili\u015fim projelerinin geli\u015ftirilmesi s\u00fcreci ve tedarikinde olmas\u0131 gereken de\u011fi\u015fiklikler konular\u0131 ele al\u0131nacakt\u0131r.\u00a0Ayr\u0131ca, bu d\u00f6n\u00fc\u015f\u00fcmde kilit rol alacak olan Kamu kurum ve kurulu\u015flar\u0131n\u0131n verilerini g\u00fcvenli bi\u00e7imde iletebilmesi i\u00e7in Ula\u015ft\u0131rma, Denizcilik ve Haberle\u015fme Bakanl\u0131\u011f\u0131 ve T\u00fcrk Telekom i\u015f birli\u011fi ile geli\u015ftirilmi\u015f olan KamuNET alt yap\u0131s\u0131n\u0131n kamu kullan\u0131c\u0131lar\u0131 ve \u00f6zel sekt\u00f6r g\u00f6z\u00fcyle de\u011ferlendirilmesi ve gelecekteki yol haritas\u0131n\u0131n belirlenmesi, bu oturumda izleyicilerin de aktif kat\u0131l\u0131mlar\u0131 ile etkile\u015fimli olarak tart\u0131\u015f\u0131lacakt\u0131r.<\/p>\n<p><strong>Oturum Y\u00f6neticisi\u00a0\u00a0 : Dr. Ayd\u0131n KOLAT \u2013 TBD<\/strong><\/p>\n<p><strong>Oturum Sponsoru\u00a0\u00a0 : CYBERSOFT<\/strong><\/p>\n<p><strong><u>Konu\u015fmac\u0131lar<\/u><\/strong><strong>\u00a0:<\/strong><\/p>\n<p><strong>Alpay AK\u00c7AY &#8211;\u00a0MAL\u0130YE BAKANLI\u011eI Bili\u015fim Sistemleri Daire Ba\u015fkan\u0131 :\u00a0<\/strong>\u201cKamuNET\u2019in\u00a0 Mevcut Hali ve Gelecekteki Beklentiler\u201d<\/p>\n<p><strong>Yusuf Ata ARIAK &#8211;\u00a0TELKODER :\u00a0<\/strong>\u201c\u00d6zel Sekt\u00f6r G\u00f6z\u00fcyle KamuNET\u201d<\/p>\n<p><strong>Halil YE\u015e\u0130L\u00c7\u0130MEN &#8211;\u00a0T\u00dcRKSAT A.\u015e. :\u00a0<\/strong>\u201cKamu Projelerinin Geli\u015ftirilmesi S\u00fcreci\u201d<\/p>\n<p><strong>Prof. Dr. K\u00fcr\u015fat \u00c7A\u011eILTAY &#8211;\u00a0ODT\u00dc :\u00a0<\/strong>\u201cKullan\u0131labilirlik: Vatanda\u015f Odakl\u0131 Dijital Devlet Hizmetleri\u201d<\/p>\n<p><strong>Cem YILMAZ\u00a0 &#8211;\u00a0Deloitte T\u00fcrkiye &#8211; \u015eirket Orta\u011f\u0131 :\u00a0<\/strong>\u201cKamuda Dijital D\u00f6n\u00fc\u015f\u00fcm\u201d<\/p>\n<p><strong>Yenal G\u00d6\u011eEBAKAN &#8211;\u00a0CYBERSOFT :\u00a0<\/strong>\u201cKamuda Kullan\u0131lan Yaz\u0131l\u0131mlar\u201d<\/p>\n<p>17:00 \u2013 19:00 Tak\u0131m \u00c7al\u0131\u015fmas\u0131 Etkinlikleri (**)<\/p>\n<p><strong>\u00a0<\/strong><span style=\"color: #008080;\"><strong>21:00 \u2013 22:30 \u00a0KAMU B\u0130L\u0130\u015e\u0130M SEKT\u00d6R BULU\u015eMASI ETK\u0130NL\u0130\u011e\u0130<\/strong><\/span><\/p>\n<p><span style=\"color: #008080;\"><strong>\u00a0<\/strong><strong>Etkinlik Sponsoru : NETA\u015e<\/strong><\/span><\/p>\n<p><strong>&#8212;&#8212;&#8212;&#8212;&#8212;&#8212;&#8212;&#8212;&#8212;&#8212;&#8212;&#8212;&#8212;&#8212;&#8212;&#8212;&#8212;&#8212;&#8212;&#8212;&#8212;&#8212;&#8212;&#8212;&#8212;&#8212;<\/strong><strong>\u00a0<\/strong><\/p>\n<p><span style=\"color: #ff0000;\"><strong>28 Ekim 2017, CUMARTES\u0130<\/strong><\/span><\/p>\n<p><span style=\"color: #3366ff;\"><strong>09:00\u00a0\u00a0 09:45\u00a0\u00a0 BULUT B\u0130L\u0130\u015e\u0130M B\u00dcY\u00dcK VER\u0130 (B3) LABORATUVARI<\/strong><\/span><\/p>\n<p><strong>Do\u00e7. Dr. Ali G\u00f6khan YAVUZ &#8211; T\u00dcB\u0130TAK B\u0130LGEM B3 LAB<\/strong><\/p>\n<p>Bulut Bili\u015fim B\u00fcy\u00fck Veri (B3LAB) laboratuvar\u0131nda bulut bili\u015fim ve b\u00fcy\u00fck veri alan\u0131nda ileri d\u00fczeyde ara\u015ft\u0131rmalar\u0131n yap\u0131lmas\u0131, ihtiya\u00e7 duyulan \u00fcr\u00fcnlerin yerli kaynaklarla geli\u015ftirilmesine \u00f6nc\u00fcl\u00fck edilmesi, bu alanda \u00e7al\u0131\u015facak payda\u015flar i\u00e7in ara\u015ft\u0131rma yapma ve dan\u0131\u015fmanl\u0131k alma olanaklar\u0131n\u0131n sa\u011flanmas\u0131 hedeflenmektedir. Kamu ihtiya\u00e7lar\u0131na y\u00f6nelik olarak; elde edilen bilgi birikimi, kurulan altyap\u0131lar ve Kamu kurumlar\u0131na verilen dan\u0131\u015fmanl\u0131k hizmetleri ile Kamu Bulut yap\u0131s\u0131na ge\u00e7i\u015f i\u00e7in bir model olu\u015fturulmas\u0131 ve kurumsal b\u00fcy\u00fck veri analizlerinin yap\u0131lmas\u0131 planlanmaktad\u0131r. B3LAB \u00e7al\u0131\u015fmalar\u0131, \u00e7al\u0131\u015fmalarda gelinen noktalar, kurumsal i\u015f birlikleri ve kamu kurumlar\u0131na y\u00f6nelik olas\u0131 i\u015f birlikleri ile bu teknolojilerin Kamu Kurumlar\u0131&#8217;na y\u00f6nelik faydalar\u0131 hakk\u0131nda bilgilendirme, TUB\u0130TAK-B\u0130LGEM-BTE b\u00fcnyesinde s\u00fcrd\u00fcr\u00fclmekte olan B3LAB (Bulut Bili\u015fim ve B\u00fcy\u00fck Veri Laboratuvar\u0131) projesinin akademik dan\u0131\u015fmanlar\u0131ndan biri olan Y\u0131ld\u0131z Teknik \u00dcniversitesi, Bilgisayar M\u00fchendisli\u011fi B\u00f6l\u00fcm\u00fc \u00f6\u011fretim \u00fcyesi olan Do\u00e7. Dr. Ali G\u00f6khan Yavuz taraf\u0131ndan sunulacakt\u0131r.<\/p>\n<p>09:45 &#8211; 10:15 Kahve Aras\u0131<strong>\u00a0<\/strong><\/p>\n<p><span style=\"color: #3366ff;\"><strong>10:15 &#8211; 12:15\u00a0\u00a0\u00a0 KAMUDA B\u00dcY\u00dcK VER\u0130 ve BULUT UYGULAMALARI<\/strong><\/span><\/p>\n<p>Bilgi Teknolojilerinde son y\u0131llarda en \u00e7ok konu\u015fulan konular aras\u0131nda B\u00fcy\u00fck Veri (Big Data) ve Bulut (Cloud) \u00f6n s\u0131ralarda yer almaktad\u0131r. Verilerin daha kolay toplanabilir hale gelmesi ile verilerin \u00e7e\u015fitlili\u011findeki, hacmindeki, geli\u015f h\u0131z\u0131ndaki art\u0131\u015f her sekt\u00f6rde kar\u015f\u0131la\u015ft\u0131\u011f\u0131m\u0131z ola\u011fan bir durum haline gelmi\u015ftir. Bu art\u0131\u015flar beraberinde, altyap\u0131 ve yaz\u0131l\u0131m gereksinimlerinin nas\u0131l kar\u015f\u0131lanmas\u0131 gerekti\u011fini sorgulamam\u0131za neden olmaktad\u0131r. Bulut Bili\u015fim, kurumlar\u0131n, h\u0131zla artan hem altyap\u0131 hem de yaz\u0131l\u0131m gereksinimlerini, bulut \u00fczerinden kulland\u0131k\u00e7a \u00f6de modeli ile daha uygun bir maliyetle ve verimlilikle kar\u015f\u0131lamalar\u0131n\u0131 sa\u011flamaktad\u0131r. Panelimizde; b\u00fcy\u00fck verinin ve bulut bili\u015fimin kamu sekt\u00f6r\u00fcnde kullan\u0131m alanlar\u0131n\u0131 hep birlikte tart\u0131\u015fma olana\u011f\u0131 bulaca\u011f\u0131z.<\/p>\n<p><strong>Oturum Y\u00f6neticisi\u00a0\u00a0 : Sedat ZENC\u0130RC\u0130 &#8211;\u00a0 TBD <\/strong><\/p>\n<p><strong>Oturum Sponsoru\u00a0\u00a0 : ASELSAN<\/strong><\/p>\n<p><strong><u>Konu\u015fmac\u0131lar<\/u><\/strong><strong>\u00a0:<\/strong><\/p>\n<p><strong>Mahir \u00dcLG\u00dc &#8211; Sa\u011fl\u0131k Bakanl\u0131\u011f\u0131, SBS Sa\u011fl\u0131k Bilgi Sis. Gn. Md. :\u00a0<\/strong>\u201cSa\u011fl\u0131kta B\u00fcy\u00fck Veri\u201d<\/p>\n<p><strong>Ozan BEYHAN \u00a0&#8211; Sa\u011fl\u0131k Bakanl\u0131\u011f\u0131, Uluslararas\u0131 Projeler Dan\u0131\u015fman\u0131<\/strong><\/p>\n<p><strong>Necati ETLACAKU\u015e &#8211;\u00a0T\u00fcrkiye Noterler Birli\u011fi :\u00a0<\/strong>\u201cNoterlerde B\u00fcy\u00fck Veri Kullan\u0131m\u0131\u201d<\/p>\n<p><strong>Yrd. Do\u00e7. Dr. Ziya KARAKAYA &#8211;\u00a0At\u0131l\u0131m \u00dcniversitesi :\u00a0<\/strong>\u201cBulut Bili\u015fim Nedir? Nas\u0131l Kullan\u0131l\u0131r?\u201d<\/p>\n<p><strong>Do\u00e7. Dr. \u0130smail \u015eeng\u00f6r ALTING\u00d6VDE &#8211;\u00a0ODT\u00dc Bilg.M\u00fch. :\u00a0<\/strong>\u201cB\u00fcy\u00fck Veri Nedir? Uygulama \u00d6rnekleri\u201d<\/p>\n<p><strong>M.\u00c7a\u011flar \u00c7\u0130NAR &#8211;\u00a0Sosyal Yard\u0131mlar Genel M\u00fcd\u00fcrl\u00fc\u011f\u00fc :\u00a0<\/strong>\u201cSOYB\u0130S B\u00fcy\u00fck Veri Uygulamalar\u0131\u201d<\/p>\n<p><strong>Tan\u0131n AFACAN &#8211; ASELSAN Bili\u015fim Tekn. Prog. Dir. :\u00a0<\/strong>&#8220;Kamuda B\u00fcy\u00fck Veri Uygulamalar\u0131nda Yenilik\u00e7i Yakla\u015f\u0131mlar&#8221;<\/p>\n<p><strong><span lang=\"EN-US\">Engin <\/span><span lang=\"EN-US\">\u00d6<\/span><span lang=\"EN-US\">NAY <\/span><span lang=\"EN-US\">\u2013<\/span><span lang=\"EN-US\"> ANKAREF Genel M<\/span><span lang=\"EN-US\">\u00fc<\/span><span lang=\"EN-US\">d<\/span><span lang=\"EN-US\">\u00fc<\/span><span lang=\"EN-US\">r Yard<\/span><span lang=\"EN-US\">\u0131<\/span><span lang=\"EN-US\">mc<\/span><span lang=\"EN-US\">\u0131<\/span><span lang=\"EN-US\">s<\/span><span lang=\"EN-US\">\u0131 : <\/span><\/strong><span lang=\"EN-US\">End\u00fcstri 4.0 ve Kamuda Yeni Nesil IoT Uygulamalar\u0131<\/span><strong><span lang=\"EN-US\"><br \/>\n<\/span><\/strong><\/p>\n<p>12:30 &#8211; 13:30\u00a0\u00a0 \u00d6\u011fle Yemek Aras\u0131<\/p>\n<p><span style=\"color: #3366ff;\"><strong>13:30 &#8211; 14:15\u00a0 S\u0130BER G\u00dcVENL\u0130K E\u011e\u0130T\u0130MLER\u0130NDE C\u0130DD\u0130 OYUNLAR ve<\/strong> <strong>OYUNLA\u015eTIRMA <\/strong><\/span><\/p>\n<p><strong>Levent Berke \u00c7APLI &#8211; ATILIM \u00dcN\u0130VERS\u0130TES\u0130 SAVTAM<\/strong><strong>\u00a0<\/strong><\/p>\n<p>Organizasyonlar\u0131n siber g\u00fcvenlik konular\u0131nda e\u011fitimleri i\u00e7in \u00f6zellikle uzmanl\u0131k seviyesinde pek \u00e7ok \u00e7\u00f6z\u00fcmler mevcut olmas\u0131na ra\u011fmen, siber g\u00fcvenlik konular\u0131nda \u00f6zellikle m\u00fc\u015fteri ve\/veya son kullan\u0131c\u0131 kategorilerinde e\u011fitime y\u00f6nelik \u00e7\u00f6z\u00fcmler hayli s\u0131n\u0131rl\u0131d\u0131r. Bu grupta yer alan personelin e\u011fitilmesi hem zor hem de fark\u0131ndal\u0131\u011f\u0131n art\u0131r\u0131lmas\u0131na ili\u015fkin y\u00fcr\u00fct\u00fclen faaliyetler kimi zaman pahal\u0131 kimi zaman ise etkili ve verimli de\u011fildir. Bir problemi \u00e7\u00f6zmek i\u00e7in tasarlanm\u0131\u015f ger\u00e7ek d\u00fcnyadaki olaylar\u0131n veya s\u00fcre\u00e7lerin sim\u00fclasyonu olarak kabul edilen ciddi oyunlar, \u00a0e\u011flence ve yar\u0131\u015fma ortam\u0131nda \u00f6zellikle kullan\u0131c\u0131lar\u0131n e\u011fitilmesinde \u00f6nemli rol oynamaktad\u0131r. Bu oturumda, NATO Bilim ve Teknoloji Organizasyonu Sistem Analizi ve Ara\u015ft\u0131rmalar Paneli b\u00fcnyesinde faaliyet g\u00f6steren SAS-129 \u201cGamification on Cyber Defence and Resilience\u201d isimli Teknik \u00c7al\u0131\u015fma Grubu Faaliyetleri, NATO Bilim ve Teknoloji Organizasyonu\u2019nda en gen\u00e7 ba\u015fkan olarak g\u00f6rev yapan Levent Berke \u00c7apl\u0131 taraf\u0131ndan sunulacakt\u0131r.<\/p>\n<p>14:15 &#8211; 14:45 Kahve Aras\u0131<\/p>\n<p><span style=\"color: #3366ff;\"><strong>14:45 &#8211; 16:45\u00a0\u00a0 KAMUDA S\u0130BER G\u00dcVENL\u0130K <\/strong><\/span><\/p>\n<p>Kamuda Siber G\u00fcvenlik Oturumunda, Ula\u015ft\u0131rma, Denizcilik ve Haberle\u015fme Bakanl\u0131\u011f\u0131&#8217;n\u0131n yay\u0131mlad\u0131\u011f\u0131 &#8220;2016-2019 Ulusal Siber G\u00fcvenlik Stratejisi\u2019ne g\u00f6re belirlenen 5 stratejik eylem ;\u00a0 Siber Savunman\u0131n G\u00fc\u00e7lendirilmesi ve Kritik Altyap\u0131lar\u0131n Korunmas\u0131, Siber Su\u00e7larla M\u00fccadele, Fark\u0131ndal\u0131k ve \u0130nsan Kayna\u011f\u0131 Geli\u015ftirme, Siber G\u00fcvenlik Ekosisteminin Geli\u015ftirilmesi, Siber G\u00fcvenli\u011fin Milli G\u00fcvenli\u011fe Entegrasyonu i\u015flenecek olup, her bir Kamu kurumunun, bu stratejiye uygun olarak nas\u0131l hareket etmesi ve g\u00fcn\u00fcm\u00fczde artan siber g\u00fcvenlik risklerine kar\u015f\u0131 nas\u0131l \u00f6nlemler al\u0131nmas\u0131 gerekti\u011fi, siber g\u00fcvenlikle ilgili g\u00fcnl\u00fck, ayl\u0131k, y\u0131ll\u0131k yap\u0131lmas\u0131 gerekenler konular\u0131nda kat\u0131l\u0131mc\u0131lara somut, ger\u00e7ekle\u015ftirilebilir \u00e7\u00f6z\u00fcmlere y\u00f6nelik bilgilendirmeler ve pratik yakla\u015f\u0131mlar aktar\u0131lacakt\u0131r.<\/p>\n<p><strong>Oturum Y\u00f6neticisi\u00a0\u00a0 : Kani HACIPA\u015eAO\u011eLU &#8211; TBD<\/strong><\/p>\n<p><strong>Oturum Sponsoru\u00a0\u00a0 : NORMSHIELD<\/strong><\/p>\n<p><strong><u>Konu\u015fmac\u0131lar<\/u><\/strong><strong>\u00a0:<\/strong><\/p>\n<p><strong>Furkan C\u0130VELEK &#8211;\u00a0Kalk\u0131nma Bakanl\u0131\u011f\u0131 Bilgi Toplumu Dairesi B\u015fk.<\/strong><\/p>\n<p><strong>Mustafa AFYONLUO\u011eLU &#8211;\u00a0Siber G\u00fcvenlik, E-Y\u00f6neti\u015fim ve E-Devlet K\u0131d.Uzm. :\u00a0<\/strong>\u201cDigital T\u00fcrkiye ve Siber D\u00fcnya : Siber G\u00fcvenlikte Milli Hedeflerimiz\u201d<\/p>\n<p><strong>Prof. Dr. \u0130brahim SO\u011eUKPINAR &#8211;\u00a0Gebze Teknik \u00dcniversitesi :\u00a0<\/strong>\u201cSiber G\u00fcvenli\u011fin Milli G\u00fcvenli\u011fe Entegrasyonu\u201d<\/p>\n<p><strong>Huzeyfe \u00d6NAL &#8211;\u00a0NORMSHIELD, BGA, K\u0131demli Bilgi G\u00fcvenli\u011fi Dan\u0131\u015fman\u0131 :\u00a0<\/strong>\u201cKamuda Siber G\u00fcvenlik\u201d<\/p>\n<p><strong>Burak DAYIO\u011eLU &#8211; Innovera<\/strong><\/p>\n<p><strong>Kutlay TET\u0130K &#8211; NETA\u015e Siber G\u00fcvenlik \u00c7\u00f6z\u00fcmleri K\u0131d.Md.<\/strong><\/p>\n<p>17:00 \u2013 19:00 Tak\u0131m \u00c7al\u0131\u015fmas\u0131 Etkinlikleri (**)<\/p>\n<p><strong>&#8212;&#8212;&#8212;&#8212;&#8212;&#8212;&#8212;&#8212;&#8212;&#8212;&#8212;&#8212;&#8212;&#8212;&#8212;&#8212;&#8212;&#8212;&#8212;&#8212;&#8212;&#8212;&#8212;&#8212;&#8212;&#8212;\u00a0\u00a0<\/strong><\/p>\n<p><span style=\"color: #ff0000;\"><strong>29 Ekim 2017, Pazar<\/strong><\/span><\/p>\n<p>12:00\u00a0\u00a0 OTELDEN AYRILI\u015e<\/p>\n<p>(*) Teyidleri bekleniyor.<\/p>\n<p>(**) Kat\u0131l\u0131mc\u0131lar\u0131n ileti\u015fim, motivasyon ve liderlik \u00f6zelliklerini g\u00fc\u00e7lendirmeyi ama\u00e7layan ve a\u00e7\u0131k alanda ger\u00e7ekle\u015ftirilen tak\u0131m etkinliklerinden olu\u015fmaktad\u0131r.[\/vc_column_text][\/vc_column][\/vc_row][vc_row][vc_column][\/vc_column][\/vc_row]<\/p>\n<\/div>","protected":false},"excerpt":{"rendered":"<p>[vc_row full_width=&#8221;stretch_row&#8221; css=&#8221;.vc_custom_1506692046638{background-image: url(http:\/\/www.kamu-bib.org.tr\/kamubib-19\/wp-content\/uploads\/2017\/09\/slider-background-kamu-bib-19.jpg?id=7) !important;background-position: center !important;background-repeat: no-repeat !important;background-size: cover !important;}&#8221;][vc_column][rev_slider_vc alias=&#8221;anasayfa&#8221;][\/vc_column][\/vc_row][vc_row][vc_column][vc_column_text]PROGRAM (G\u00fcncelleme : 23.10.2017) 26 Ekim 2017, Per\u015fembe 12:00 OTELE G\u0130R\u0130\u015e &#8212;&#8212;&#8212;&#8212;&#8212;&#8212;&#8212;&#8212;&#8212;&#8212;&#8212;&#8212;&#8212;&#8212;&#8212;&#8212;&#8212;&#8212;&#8212;&#8212;&#8212;&#8212;&#8212;&#8212;&#8212;&#8212;\u00a0\u00a0 27 Ekim 2017, CUMA 09:30 &#8211; 11:45 A\u00c7ILI\u015e T\u00d6REN\u0130 PROTOKOL KONU\u015eMALARI Nurcan SUNAY TBD &#8211; Ankara \u015eube Ba\u015fkan\u0131 Rahmi AKTEPE &#8211; TBD Genel Ba\u015fkan\u0131 Mehmet KOCADON &#8211; Bodrum Belediye Ba\u015fkan\u0131\u00a0(*) Galip ZEREY&nbsp;<\/p>\n<p><a class=\"btn btn-style\" href=\"http:\/\/www.kamu-bib.org.tr\/kamubib-19\/program\">Continue Reading<\/a><\/p>\n","protected":false},"author":3,"featured_media":0,"parent":0,"menu_order":0,"comment_status":"closed","ping_status":"closed","template":"homepage.php","meta":{"rs_blank_template":"","rs_page_bg_color":"","slide_template_v7":"","footnotes":""},"class_list":["post-64","page","type-page","status-publish","hentry"],"_links":{"self":[{"href":"http:\/\/www.kamu-bib.org.tr\/kamubib-19\/wp-json\/wp\/v2\/pages\/64","targetHints":{"allow":["GET"]}}],"collection":[{"href":"http:\/\/www.kamu-bib.org.tr\/kamubib-19\/wp-json\/wp\/v2\/pages"}],"about":[{"href":"http:\/\/www.kamu-bib.org.tr\/kamubib-19\/wp-json\/wp\/v2\/types\/page"}],"author":[{"embeddable":true,"href":"http:\/\/www.kamu-bib.org.tr\/kamubib-19\/wp-json\/wp\/v2\/users\/3"}],"replies":[{"embeddable":true,"href":"http:\/\/www.kamu-bib.org.tr\/kamubib-19\/wp-json\/wp\/v2\/comments?post=64"}],"version-history":[{"count":39,"href":"http:\/\/www.kamu-bib.org.tr\/kamubib-19\/wp-json\/wp\/v2\/pages\/64\/revisions"}],"predecessor-version":[{"id":463,"href":"http:\/\/www.kamu-bib.org.tr\/kamubib-19\/wp-json\/wp\/v2\/pages\/64\/revisions\/463"}],"wp:attachment":[{"href":"http:\/\/www.kamu-bib.org.tr\/kamubib-19\/wp-json\/wp\/v2\/media?parent=64"}],"curies":[{"name":"wp","href":"https:\/\/api.w.org\/{rel}","templated":true}]}}