{"id":165,"date":"2017-10-10T14:50:40","date_gmt":"2017-10-10T11:50:40","guid":{"rendered":"http:\/\/www.kamu-bib.org.tr\/kamubib-21\/?page_id=165"},"modified":"2025-07-21T17:18:04","modified_gmt":"2025-07-21T14:18:04","slug":"katilimci-kayit","status":"publish","type":"page","link":"https:\/\/www.kamu-bib.org.tr\/kamubib-21\/katilimci-kayit","title":{"rendered":"KATILIMCI KAYIT"},"content":{"rendered":"<p>[vc_row full_width=&#8221;stretch_row_content_no_spaces&#8221; css=&#8221;.vc_custom_1555071783861{padding-top: 50px !important;background: #000720 url(https:\/\/www.kamu-bib.org.tr\/kamubib-21\/wp-content\/uploads\/2019\/03\/kamu-bib-21.jpeg?id=646) !important;background-position: center !important;background-repeat: no-repeat !important;background-size: contain !important;}&#8221;][vc_column][rev_slider_vc alias=&#8221;anasayfa-g&#8221;][\/vc_column][\/vc_row][vc_row][vc_column][vc_column_text]Etkinlik Tamamlanm\u0131\u015ft\u0131r.[\/vc_column_text][\/vc_column][\/vc_row]<\/p>\n","protected":false},"excerpt":{"rendered":"<p>[vc_row full_width=&#8221;stretch_row_content_no_spaces&#8221; css=&#8221;.vc_custom_1555071783861{padding-top: 50px !important;background: #000720 url(https:\/\/www.kamu-bib.org.tr\/kamubib-21\/wp-content\/uploads\/2019\/03\/kamu-bib-21.jpeg?id=646) !important;background-position: center !important;background-repeat: no-repeat !important;background-size: contain !important;}&#8221;][vc_column][rev_slider_vc alias=&#8221;anasayfa-g&#8221;][\/vc_column][\/vc_row][vc_row][vc_column][vc_column_text]Etkinlik Tamamlanm\u0131\u015ft\u0131r.[\/vc_column_text][\/vc_column][\/vc_row]<\/p>\n","protected":false},"author":5,"featured_media":0,"parent":0,"menu_order":0,"comment_status":"closed","ping_status":"closed","template":"homepage.php","meta":{"rs_blank_template":"","rs_page_bg_color":"","slide_template_v7":"","footnotes":""},"_links":{"self":[{"href":"https:\/\/www.kamu-bib.org.tr\/kamubib-21\/wp-json\/wp\/v2\/pages\/165"}],"collection":[{"href":"https:\/\/www.kamu-bib.org.tr\/kamubib-21\/wp-json\/wp\/v2\/pages"}],"about":[{"href":"https:\/\/www.kamu-bib.org.tr\/kamubib-21\/wp-json\/wp\/v2\/types\/page"}],"author":[{"embeddable":true,"href":"https:\/\/www.kamu-bib.org.tr\/kamubib-21\/wp-json\/wp\/v2\/users\/5"}],"replies":[{"embeddable":true,"href":"https:\/\/www.kamu-bib.org.tr\/kamubib-21\/wp-json\/wp\/v2\/comments?post=165"}],"version-history":[{"count":12,"href":"https:\/\/www.kamu-bib.org.tr\/kamubib-21\/wp-json\/wp\/v2\/pages\/165\/revisions"}],"predecessor-version":[{"id":899,"href":"https:\/\/www.kamu-bib.org.tr\/kamubib-21\/wp-json\/wp\/v2\/pages\/165\/revisions\/899"}],"wp:attachment":[{"href":"https:\/\/www.kamu-bib.org.tr\/kamubib-21\/wp-json\/wp\/v2\/media?parent=165"}],"curies":[{"name":"wp","href":"https:\/\/api.w.org\/{rel}","templated":true}]}}